203*g - 422*g + 3969. Calculate the greatest common factor of g and 2079.
189
Let w(y) = -26*y**2 - y + 1. Let a be w(-2). Let p be (-3)/(4/(a - -5)). Calculate the greatest common factor of p and 9.
9
Let f(m) = 8*m + 1. Let p be f(3). Let d be p + -28 - (1 + -220). What is the greatest common divisor of 27 and d?
27
Let t be 618/24 + (-1)/(-4). Let y(k) = -28*k + 4797. Let g be y(169). What is the highest common divisor of g and t?
13
Let c(h) = 3*h**3 - 39*h**2 + 4. Let g be c(13). Suppose g*l - y + 177 = 914, -2*l + 373 = -5*y. What is the greatest common divisor of l and 8?
8
Let a be 4/(-14) + 37*(-2)/(-14). Suppose a*w = -581 + 941. What is the greatest common factor of 24 and w?
24
Let t(a) = a**2 - a - 5. Let o be t(-5). Let n(k) = 31 + 15 - k**2 + 4*k + 0*k - 9*k. Let u be n(-9). Calculate the highest common divisor of o and u.
5
Let w(s) = -196*s + 5532. Let d be w(20). Calculate the highest common factor of d and 416.
52
Let k be ((-195)/(-21) - -3) + (-4)/14. Let u be (-256)/k*(-357)/28. What is the highest common factor of u and 17?
17
Let k = 8103 - 6609. What is the highest common factor of k and 522?
18
Suppose -5534*v = -5584*v + 63800. What is the highest common divisor of v and 264?
44
Let z = 550 - -349. Let n = z + -859. What is the greatest common factor of 720 and n?
40
Let u(n) = 44*n**2 + 143*n + 535. Let f be u(-4). Calculate the highest common divisor of f and 115.
23
Let x = -47 - -49. Suppose 7 = -x*z + 1. Let m be z/6*18/1*-1. What is the highest common factor of m and 36?
9
Let p(b) = b**3 - 12*b**2 + 9*b - 103. Let t be p(12). Let v = -7 + 7. Suppose 2*g + v = 4, 0 = t*c + 2*g - 204. What is the highest common factor of c and 100?
20
Suppose -2*c = -4*c + 32. Suppose 3*x + 15 = 0, 71*x - 66*x + 21 = -b. Let w(m) = -75*m + 316. Let d be w(b). What is the greatest common divisor of c and d?
16
Let f = -712 + 1252. Suppose -30*n - 48 = -33*n - 3*g, 0 = -4*n - 5*g + 62. What is the highest common factor of n and f?
18
Let w be (-90)/210 - 1224/(-63). Calculate the greatest common factor of w and 3401.
19
Let o = -8 + 200. Let y be 1728/48*(8 - 4). What is the greatest common factor of y and o?
48
Suppose 0 = 9*z - 1534 - 1001 + 1419. What is the greatest common divisor of 465 and z?
31
Let a(i) = 3*i**2 - 109*i - 27. Let z be a(37). Suppose -z*k - 10249 = -56591. What is the greatest common divisor of 34 and k?
34
Let q(r) = r**2 + 31*r - 928. Let b be q(-54). What is the highest common divisor of 5495 and b?
157
Suppose -6*v = -176 - 82. Let p = v + -32. Suppose 13*q = q + 132. What is the highest common divisor of q and p?
11
Suppose 36*i - 959 = -521 + 1002. Calculate the highest common divisor of 18220 and i.
20
Let z be (-1 + 2)/((-8)/(-224)*7). Let t be 5/(z + -24)*-88. What is the highest common divisor of t and 242?
22
Let j = -73 - -77. Suppose -j*r - 33 = 7*r. Let s be (r - (-144)/6)*(-2)/(-6). What is the greatest common divisor of s and 28?
7
Let o = -3490 + 3552. What is the highest common divisor of 1705 and o?
31
Suppose 5*l - 13 = 2. Suppose o - 49 = -5*u, 22*u - 24*u + l*o + 6 = 0. Calculate the highest common divisor of u and 21.
3
Let d = 16681 + -16582. What is the greatest common factor of 13860 and d?
99
Let y be -45*(-22 + 20)*(-18)/(-15). What is the highest common divisor of y and 6372?
108
Let n be (-39 + -3)*21/(-14). Let z = -63 + n. Suppose z*r + 360 = 8*r. Calculate the greatest common divisor of r and 90.
45
Suppose 0 = -3*v - 1 + 37. Suppose -47*f = -45*f - v. Suppose 0 = f*t - 12*t + 720. Calculate the greatest common factor of t and 15.
15
Suppose 86*v + 209 - 2352 = 695. What is the highest common divisor of v and 40128?
33
Let d(w) = 209*w**2 + 65 - 22*w - w**3 - 120*w**2 - 103*w**2. Let v be d(-12). What is the greatest common divisor of v and 41?
41
Let h = -509 + 589. Let o(q) = 15*q**2 - q**3 - 1 - 32*q - 3 + 52*q. Let i be o(16). What is the highest common divisor of h and i?
20
Let a be (-72)/(-15)*(-320)/(-6). Suppose 0 = -195*y + 187*y + a. What is the highest common divisor of 800 and y?
32
Suppose 0 = -f - 6*h + 34, 3*f - 42 + 0 = 2*h. Calculate the greatest common factor of f and 184.
8
Let f(z) = 7*z**2 - 9*z + 21. Suppose 88*r - 91*r + 9 = 0. Let x be f(r). Calculate the highest common factor of x and 76.
19
Suppose 20*o = 18*o + k + 678, -o + 6*k = -361. Calculate the greatest common factor of 1 and o.
1
Let k = -464 - -469. Suppose 494 = 2*r + 16*i - 14*i, k*i = -4*r + 985. What is the highest common divisor of 10 and r?
10
Let z = 13034 + -6293. What is the highest common divisor of z and 189?
63
Let z(j) = j + 15. Let y be z(-9). Let a(h) = h**3 - 36*h - 4. Let r be a(6). Let f be (-90)/24*r*y/1. What is the highest common factor of 135 and f?
45
Suppose 0 = -4*o + 5 - 21, -u + 2*o + 163 = 0. Calculate the highest common divisor of 155 and u.
155
Suppose -64 = 7*c - 11*c. Suppose 0 = -4*z + c, -2*z + z + 84 = b. Suppose -b = 9*n - 13*n. Calculate the greatest common divisor of n and 70.
10
Let g(b) = 4*b**2 + 620*b + 6110. Let p be g(-10). Suppose -2*r + 285 = 3*l, 4*l + 3*r = -0*r + 381. What is the highest common divisor of p and l?
31
Suppose -u - 1197 = -5*a, -2*u - 726 = -3*a - 4*u. Calculate the highest common factor of 324 and a.
12
Let m be 6/138 - (-9639)/483. What is the greatest common factor of 6680 and m?
20
Let b(g) = 819*g**3 + 1. Let c be b(1). Calculate the greatest common factor of 10 and c.
10
Suppose 0 = s - w + 9, s + 4*s + 3*w + 45 = 0. Let b(m) = 2*m + 24. Let y be b(s). Calculate the greatest common factor of y and 138.
6
Suppose 3*t = -3*m + 69, 0 = -5*t + 2*t - 3. Let h = -38 + 161. Let f = -115 + h. Calculate the greatest common divisor of m and f.
8
Let y = -4076 + 5433. What is the highest common divisor of 118 and y?
59
Let s = 249 - 229. Suppose 0 = a - 5 - 0. Let j be (-66)/(a/((-50)/3)). Calculate the highest common divisor of s and j.
20
Let u be -3*1/12 + (2163/12 - 3). Let t = 69 - 38. Suppose -8*n = -u - t. What is the highest common factor of n and 78?
26
Suppose 2*k - 40 = 56. Suppose -5*d + 19 = -31. Let y be 6/d + (284/10 - -3). What is the greatest common factor of y and k?
16
Let c be (-1521)/(-12) + (-3)/(-12). Suppose -6*n - 43 = -c. Let g = 232 + -120. What is the highest common divisor of g and n?
14
Suppose -3*d + 7*d + 0*d - 40 = 0. Calculate the highest common factor of 255 and d.
5
Let p = -32 + 89. Let g be 152*(91/14 + -5)/((-2)/(-1)). Calculate the greatest common divisor of g and p.
57
Suppose 201 = 188*v - 187*v + 4*g, -5*v + 780 = -5*g. What is the greatest common divisor of v and 30?
15
Suppose 32*h = 29*h + 1575. Suppose 2*m = h + 3007. Suppose i + 5*k = 342, 3*k + 0*k = 5*i - m. What is the greatest common factor of 32 and i?
32
Let b = 22417 + -22333. Calculate the greatest common factor of 861 and b.
21
Suppose 2*t + 3*t - 400 = 0. Suppose 84*s - 1888 - 3488 = 0. Calculate the highest common divisor of s and t.
16
Let f(z) = 2*z**2 - 5*z - 1. Let h be f(5). Let a = h - 19. Let y = 4 + a. What is the greatest common divisor of y and 36?
9
Suppose -13*q + 10*q = -21. Let h(s) = s**3 - 5*s**2 - 13*s - 7. Let r be h(q). Suppose r = -8*d - 16 + 496. Calculate the highest common factor of d and 90.
30
Let h(t) = -t**3 - t**2 + 305*t + 614. Let a be h(-2). What is the greatest common factor of a and 740?
4
Suppose -20*h - 33978 + 114298 = 0. What is the greatest common divisor of 251 and h?
251
Let o be -9 + -1 + (-25 - -17) - -32. Suppose 2*c - c - 238 = 0. Calculate the greatest common factor of o and c.
14
Let g be (-8)/(-7) + (-5536)/(-56). Calculate the highest common factor of 860 and g.
20
Let a = -3631 - -3633. Let u = 179 + -105. Suppose -a + u = 12*o. Calculate the highest common divisor of 3 and o.
3
Let c = -13833 + 13918. Let q be (-5)/2*(-2)/1. Calculate the greatest common factor of c and q.
5
Let x = -2468 + 2498. What is the greatest common factor of x and 1410?
30
Suppose 0 = 3*x - 1977 + 153. Let r = x + 130. Let o be r/30 - 3 - 2/(-5). What is the greatest common factor of 99 and o?
11
Let f be (-20)/25*-10 + 37. Suppose -21*j + 108 = -17*j. Calculate the highest common divisor of f and j.
9
Let w(m) = 10*m**2 + 320*m + 293. Let x be w(78). Calculate the greatest common divisor of 343